 the prime factors of 179263543?
53, 3382331
List the prime factors of 296100836.
2, 74025209
What are the prime factors of 102078615?
3, 5, 1447, 4703
What are the prime factors of 3903993565?
5, 780798713
What are the prime factors of 96358382?
2, 48179191
What are the prime factors of 22999712?
2, 718741
List the prime factors of 566906296.
2, 11, 67, 8741
List the prime factors of 30756886.
2, 67, 229529
What are the prime factors of 360544650?
2, 3, 5, 37, 167, 389
List the prime factors of 1455041290.
2, 5, 353, 412193
What are the prime factors of 36841406?
2, 7, 2631529
List the prime factors of 55916116.
2, 557, 25097
List the prime factors of 102386070.
2, 3, 5, 17, 66919
List the prime factors of 1768766478.
2, 3, 294794413
What are the prime factors of 5608259631?
3, 13, 31, 47, 167, 197
What are the prime factors of 752614295?
5, 137, 1098707
What are the prime factors of 182813708?
2, 7, 11, 84793
What are the prime factors of 37491836?
2, 881, 10639
List the prime factors of 2765423591.
7, 157, 2516309
What are the prime factors of 71941510?
2, 5, 7194151
List the prime factors of 1947670560.
2, 3, 5, 11, 41, 2999
List the prime factors of 6037477068.
2, 3, 7, 997, 72091
List the prime factors of 276128546.
2, 29, 101, 47137
What are the prime factors of 39625109?
857, 46237
List the prime factors of 218944467.
3, 7, 19, 101, 1811
What are the prime factors of 342046025?
5, 47, 291103
List the prime factors of 666841761.
3, 307, 80449
List the prime factors of 108277936.
2, 13, 520567
What are the prime factors of 9823261?
7, 1403323
List the prime factors of 192623404.
2, 2129, 22619
What are the prime factors of 52162390?
2, 5, 7, 23, 179, 181
List the prime factors of 36725538.
2, 3, 61, 100343
What are the prime factors of 384316542?
2, 3, 43, 165511
What are the prime factors of 35729649?
3, 23, 172607
What are the prime factors of 4214607341?
7, 19, 41, 757, 1021
What are the prime factors of 28039980?
2, 3, 5, 467333
List the prime factors of 33934798.
2, 19, 23, 41, 947
What are the prime factors of 1334045241?
3, 23, 67, 32063
List the prime factors of 152002518.
2, 3, 25333753
List the prime factors of 19017684.
2, 3, 7, 10781
List the prime factors of 2269659507.
3, 756553169
What are the prime factors of 386523502?
2, 193261751
What are the prime factors of 508066413?
3, 661, 256211
What are the prime factors of 36653424?
2, 3, 763613
List the prime factors of 2697577677.
3, 299730853
What are the prime factors of 86334280?
2, 5, 2158357
List the prime factors of 1101463172.
2, 53, 683, 7607
List the prime factors of 225028249.
225028249
List the prime factors of 253357073.
253357073
What are the prime factors of 11505834?
2, 3, 71, 3001
What are the prime factors of 31015510?
2, 5, 73, 42487
What are the prime factors of 1665465067?
7, 967, 35149
List the prime factors of 7064106420.
2, 3, 5, 7, 16819301
What are the prime factors of 31242176?
2, 7, 69737
List the prime factors of 545901110.
2, 5, 17, 1783, 1801
List the prime factors of 27176119.
31, 28279
What are the prime factors of 922721519?
2179, 423461
What are the prime factors of 1470694?
2, 71, 10357
What are the prime factors of 63049690?
2, 5, 11, 573179
What are the prime factors of 1025827097?
8317, 123341
What are the prime factors of 49755868?
2, 31, 149, 2693
List the prime factors of 328204488.
2, 3, 13675187
What are the prime factors of 1523389810?
2, 5, 43, 3542767
What are the prime factors of 371378572?
2, 1031, 90053
List the prime factors of 162968790.
2, 3, 5, 67, 89, 911
What are the prime factors of 260296994?
2, 1699, 76603
List the prime factors of 44603885.
5, 29, 31, 9923
What are the prime factors of 98640079?
2633, 37463
What are the prime factors of 7883674137?
3, 43, 163, 41659
List the prime factors of 739357121.
739357121
What are the prime factors of 10306802?
2, 11, 468491
List the prime factors of 1315831939.
101, 229, 56891
What are the prime factors of 56564761?
11, 29, 177319
List the prime factors of 1406504814.
2, 3, 11, 13, 29, 56527
List the prime factors of 1203844515.
3, 5, 6551, 12251
List the prime factors of 2801143945.
5, 560228789
What are the prime factors of 3377183668?
2, 131, 157, 41051
List the prime factors of 72335367.
3, 13, 29, 21319
List the prime factors of 20307854.
2, 7, 47, 4409
List the prime factors of 47872659.
3, 59, 307, 881
List the prime factors of 4825449496.
2, 7, 23, 139, 26953
What are the prime factors of 645625209?
3, 79, 34483
What are the prime factors of 329731927?
7, 6729223
List the prime factors of 113999822.
2, 23, 2478257
What are the prime factors of 1463839706?
2, 7, 17, 337, 18251
List the prime factors of 3355245276.
2, 3, 59, 4739047
List the prime factors of 271695077.
4349, 62473
List the prime factors of 84887937.
3, 167, 56479
List the prime factors of 119812290.
2, 3, 5, 13, 19, 23, 37
List the prime factors of 8157332072.
2, 79, 12907171
What are the prime factors of 388110336?
2, 3, 181, 349
List the prime factors of 13793795.
5, 47, 79, 743
List the prime factors of 1075243786.
2, 173, 433, 7177
List the prime factors of 497715485.
5, 6299, 15803
List the prime factors of 1119692434.
2, 7, 11425433
What are the prime factors of 45461698?
2, 22730849
What are the prime factors of 1857398457?
3, 3767, 164357
What are the prime factors of 51763716?
2, 3, 73, 19697
What are the prime factors of 284527516?
2, 7, 13, 111667
What are the prime factors of 47337130?
2, 5, 197, 24029
List the prime factors of 5971455481.
331, 643, 28057
What are the prime factors of 2562533641?
17, 29, 1933, 2689
What are the prime factors of 57604649?
43, 1339643
List the prime factors of 353996326.
2, 4621, 38303
What are the prime factors of 19295576?
2, 1063, 2269
What are the prime factors of 1262758286?
2, 631379143
What are the prime factors of 547956276?
2, 3, 7, 19, 29, 11839
What are the prime factors of 880298792?
2, 110037349
List the prime factors of 1518793506.
2, 3, 2179, 38723
What are the prime factors of 4277312301?
3, 607, 821, 2861
List the prime factors of 2818725433.
2818725433
List the prime factors of 43844833.
53, 83, 9967
What are the prime factors of 121086826?
2, 7, 1031, 8389
What are the prime factors of 105846572?
2, 13, 2035511
What are the prime factors of 228261286?
2, 11, 43, 241291
What are the prime factors of 1069113921?
3, 97, 541, 6791
List the prime factors of 20161558.
2, 17, 592987
What are the prime factors of 67224303?
3, 2489789
What are the prime factors of 121103392?
2, 3784481
What are the prime factors of 137097025?
5, 13, 37, 877
What are the prime factors of 569716933?
43, 2213, 5987
What are the prime factors of 146797685?
5, 37, 47, 16883
List the prime factors of 148833207.
3, 23, 79889
List the prime factors of 311054877.
3, 7, 127, 12959
What are the prime factors of 2146550735?
5, 7, 61330021
List the prime factors of 314757835.
5, 7, 2153, 4177
What are the prime factors of 860449046?
2, 359, 1198397
What are the prime factors of 1970497599?
3, 7, 93833219
List the prime factors of 616241044.
2, 154060261
List the prime factors of 229351641.
3, 17, 19, 37, 6397
List the prime factors of 1324172793.
3, 4547, 97073
What are the prime factors of 3569782701?
3, 691, 1722037
List the prime factors of 166289797.
31, 1549, 3463
What are the prime factors of 622402723?
191, 389, 8377
List the prime factors of 1203871946.
2, 43, 67, 208933
List the prime factors of 3412998297.
3, 193, 1964881
List the prime factors of 102804490.
2, 5, 1021, 10069
List the prime factors of 1231498917.
3, 11, 59, 6389
List the prime factors of 69420462.
2, 3, 41, 59, 4783
What are the prime factors of 2870359511?
331, 659, 13159
What are the prime factors of 142993946?
2, 67, 353, 3023
What are the prime factors of 1386222268?
2, 346555567
What are the prime factors of 34307182?
2, 7, 13, 251, 751
What are the prime factors of 3034997295?
3, 5, 11, 18393923
List the prime factors of 1559125261.
43, 36258727
What are the prime factors of 2529187471?
3511, 720361
List the prime factors of 399764063.
41, 97, 100519
What are the prime factors of 238924577?
37, 6457421
What are the prime factors of 5462288365?
5, 4547, 240259
What are the prime factors of 1823